. Suppose -2*f + 2*c + 8 = 0, c = 3*f - 8 - 2. Suppose -19 = -f*y - k, -4*y + 2*k + 23 = 1. Calculate q(y).
-12
Let h(v) be the third derivative of -v**4/12 + 13*v**3/6 + 3*v**2. Determine h(9).
-5
Let p be (-20)/16*(-4)/3. Let r(u) be the first derivative of -1/4*u**4 + p*u**3 - 2*u + 0*u**2 + 2. What is r(5)?
-2
Let w(m) = -11*m**2 - m. Let f be -4 + (4 - (-6 + 5)). Calculate w(f).
-12
Let k(z) = 11*z**2 - 2*z - 3. Let w(r) = r**2 - 1. Let m(s) = -k(s) + 4*w(s). What is m(1)?
-6
Suppose 3*y - 3 = 12. Let i(x) = 6*x - 1 + 0*x**2 - 3 - x**2. Determine i(y).
1
Let b(t) = -4*t + 4. Suppose j - 5*o + 2*o - 6 = 0, o + 18 = -5*j. Let k = j - -4. Suppose l - 6*l + 2*p + 17 = 0, 0 = p + k. Determine b(l).
-8
Suppose -2*q + 9 = -5*q - 3*a, 3*a + 11 = -q. Let d(h) be the second derivative of -5*h**3/6 - h**2/2 - 2*h. Give d(q).
-6
Let a(u) = 2*u - 7 + 0*u + 1. Let w(x) = -x**3 - 8*x**2 - 11*x - 7. Let f be w(-7). Suppose 0 = 5*y + i - f, -4*y + 5*y + i = 1. Calculate a(y).
4
Let k = 9 - 5. Let g(o) be the second derivative of o**5/20 - o**4/3 - o**3/3 - o**2/2 - o. What is g(k)?
-9
Let n(a) = 1. Let k(b) = b. Let r(l) = 2*k(l) - 3*n(l). Calculate r(-6).
-15
Let y(v) be the second derivative of v**3/2 + v**2 + 32*v. Suppose 2*d - 3 + 1 = 0. Let t be (d/(-3) + 1)*-3. Determine y(t).
-4
Let k(h) be the second derivative of h**6/360 - h**5/60 + h**4/24 + h**3/6 - h. Let q(g) be the second derivative of k(g). Determine q(2).
1
Let o(q) = q**3 + 4*q**2 - 7*q - 5. Let l = -7 + 17. Let h = 5 - l. What is o(h)?
5
Let z(q) = 2*q**3 + 11*q**2 + 4*q - 21. Let i(l) = -3*l**3 - 10*l**2 - 5*l + 22. Let y(o) = -3*i(o) - 4*z(o). What is y(14)?
4
Let n(y) be the third derivative of y**6/120 + y**5/15 + y**4/12 + y**3/3 - 6*y**2. What is n(-3)?
5
Let t = 9 + -3. Let i(q) = -2*q - 1 - 2*q - 3*q. Let j(d) = 6*d + 1. Let r(n) = t*j(n) + 5*i(n). Determine r(0).
1
Let g(a) be the first derivative of -7*a**2 + 22. Give g(1).
-14
Let w be (-3)/3 + (-2 - 1). Let u be w/(-10) - 40/(-25). Let k(d) = 2*d**2 + 2*d**2 + 4*d - 3*d**u. Determine k(-4).
0
Let w(r) = -2 - 162*r + 159*r - 5. Suppose -10 = -3*u + 5*u. What is w(u)?
8
Let q(v) = v**2 - 7*v + 6. Suppose -9 = -3*w - 2*z, 9 = 5*w + 2*z - 10. Let t = w + -1. Give q(t).
-6
Let k = 22 - 10. Suppose 5*i = 2*i - k. Let u(x) = 5*x - x + x**2 - 4 + 0. Determine u(i).
-4
Let o(h) = -3*h**3 - h**2 + h + 1. Let q be o(-1). Let k(z) = -z + 7*z - 3*z - q*z. Give k(6).
6
Let k(z) = 7*z - 7. Let a be (-20)/32*2*4. Let s(h) = 8*h - 8. Let l(m) = a*s(m) + 6*k(m). Calculate l(-2).
-6
Let z = -4 - -4. Let v(r) = z*r**2 - r - 2 - 4*r**2 + 8*r + 3*r**2. Let s = 6 - 1. Calculate v(s).
8
Let x be ((-2)/(-8))/(6/24). Let g(b) = 2*b + 0*b + x + 1 - b. Suppose -c - 28 = 2*c - 4*s, 0 = 2*s - 8. Calculate g(c).
-2
Suppose -4*v = -66 + 26. Let o(q) = -12*q**2 + 0 - 8*q - 1 + v*q. Suppose 0 = 2*l - 4 + 2. What is o(l)?
-11
Suppose 4*b - 2*i + 4 = 0, -4*i - i = 4*b - 10. Suppose b = -3*f + 19 - 7. Let u(d) = 6 - 3*d - 3 + 3. Give u(f).
-6
Let k(i) = -5*i**2 + 4*i**2 + 1 + 0*i**3 - 5*i**3. Suppose -19 + 1 = 2*b. Let x = 8 + b. Determine k(x).
5
Let b(z) be the first derivative of z**4/4 - z**2/2 - 7*z + 5. Suppose 4 = i - 4*i + 4*t, -5*i - 5*t + 5 = 0. Give b(i).
-7
Let g(a) = -a**3 + 16*a**2 + a - 22. Let x be g(16). Let o(w) = -w**2 - 4*w - 9. Determine o(x).
-21
Let i = 6 - 1. Let b(t) = 4 - i + t**2 - 3*t + 2. Suppose 3 = m + 1. Give b(m).
-1
Let y(v) = 15*v**2 + v - 15. Let p(w) = -2*w**2 + w - 3*w + 9*w**2 + 3*w - 7. Let x(z) = 13*p(z) - 6*y(z). Calculate x(-6).
-7
Let d(c) = c**3 + 4*c**2 + 4*c. Let n be 10/(-85) - (-294)/(-102). Give d(n).
-3
Let q be (-1)/2 - 5/2. Let t(p) = 4*p**2 + 0*p**2 - 2 + p**3 - 2*p**2 - 3*p. Calculate t(q).
-2
Let k(i) = 1 + i - 2*i**2 + 0*i**2 + i. Let j be (2 - 0)/((-2)/(-6)). Suppose 4*s = -j + 2. Calculate k(s).
-3
Let z be 8/(-8 - -4) - -8. Let d(c) = 3*c + 2*c - 4*c + c**3. Let u(k) = -5*k**3 + 5*k**2 + k - 1. Let o(r) = -4*d(r) - u(r). What is o(z)?
7
Suppose -z + 5 - 3 = 0. Let b = 8 - 3. Let o(v) = -v + 9. Let y(c) = -1. Let a(d) = b*y(d) + o(d). Give a(z).
2
Let k(q) = -4 + 3*q - 4*q - 6*q + 3*q. Determine k(-6).
20
Let r(s) = -s**2 - 14*s + 5*s + s**3 + 3 + 5*s. Give r(2).
-1
Let u(q) be the third derivative of -q**6/120 + 2*q**5/15 - q**4/3 - q**3/3 + 16*q**2. Give u(7).
-9
Let f(l) = -10. Let a(r) = r. Let o(t) = -a(t) - f(t). Determine o(5).
5
Let m(y) = 2*y. Let g(q) = -q**3 + 4*q**2 + 3*q + 4. Let p be g(5). Let i(k) = -k - 3. Let x be i(p). Give m(x).
6
Let r(k) be the second derivative of k**6/120 - k**5/60 + k**4/12 + k**3/3 + 3*k**2/2 + 8*k. Let d(c) be the first derivative of r(c). Determine d(-2).
-14
Let u(k) = 5*k + 21. Let d(m) = -2*m - 7. Let j be (8/(-4))/((-2)/3). Let n(p) = j*u(p) + 8*d(p). Give n(0).
7
Let h(a) = -a + 7. Let d be 48/18*45/4. Let l be ((-1)/2)/((-5)/d). What is h(l)?
4
Let i(y) = 7*y**3 - y. Let m be (-3)/(27/(-6))*3. Let j = -3 + m. Calculate i(j).
-6
Let t(r) = -16*r + 29. Let m(x) = x**3 + 7*x**2 + 7*x + 8. Let z be m(-6). Suppose z*b = 1 + 3. Let j(a) = 3*a - 6. Let g(n) = b*t(n) + 11*j(n). Determine g(5).
-3
Let h(z) = -1 - 5*z - 3 + 11*z + 3. Determine h(-1).
-7
Let d(l) be the first derivative of l**3/3 + 9*l**2/2 - 15*l + 39. Calculate d(-11).
7
Let n(z) = z**3 - 3*z**2 + z. Let u be (-16)/(-12)*(-6)/(-4). Suppose 0*t - 2*t + u = 0. Calculate n(t).
-1
Suppose -d - 4*f - 7 = 0, d = 4*d + 2*f + 11. Let w be -1 - (d + 5 - 3). Let y(c) = -c**3 - c - 12. Give y(w).
-12
Let o(j) = 3 - 1 + 3*j - 4 + 3 + 4*j**2. Let k(x) = -x**3 + 17*x**2 - 15*x - 18. Let h be k(16). Give o(h).
11
Let a(s) = -2*s**2 - s + 6. Let v(z) = 3*z**2 + z - 11. Let l(r) = 5*a(r) + 3*v(r). Suppose 2*b = 6*b + 16. Let d = -6 - b. Calculate l(d).
-3
Let y be (2*-8)/2 - -1. Let z = y - -12. Let v(u) = -z*u + u**2 + 5 - 1 - 3. Give v(3).
-5
Let q(g) = -g**3 - 4*g**2 + 7*g + 4. Suppose 3*r + 8 = -r. Let t be (r + -3)*(1 - 0). Calculate q(t).
-6
Let o(m) = 6*m - 3. Let q be (-2)/(-7) + (-12)/(-7). Suppose -2*v + 2 = -q. Give o(v).
9
Suppose 4*y = -0*y. Let p(w) = -w**2 - 6. Give p(y).
-6
Let i = 7 - 3. Suppose -2 = -i*b + 3*b. Let a(q) = 2*q - q**3 + 2 + 3 - 1 - 3*q**b - 3. Calculate a(-2).
-7
Let v(m) = 2*m - 4. Let i(t) = -6*t - 2. Let f be i(-1). Give v(f).
4
Let f = 16 - 14. Suppose 4*v = 2*v + f*q - 8, 0 = -2*v - q - 11. Let x(o) = 2*o**2 - 2 + 6 - 5*o - 3*o**2. Calculate x(v).
4
Let c(g) = -g**3 - 2*g - 1. Let l be 4/(-3) - (-18)/(-27). Let y(v) = -2*v. Let i be y(l). Suppose 5*x + 4*k + 9 = -8, i*k = 4*x - 8. Calculate c(x).
2
Suppose -3*k + 0 = -30. Let n(q) = -11 + k + 2*q + 0*q. Calculate n(-1).
-3
Let x = -7 + 5. Let p = 4 + x. Let k(l) = 0*l - 2*l - p*l - 2*l. What is k(-2)?
12
Let j(b) = 2*b + 11. Suppose 2*r = -3*r + 4*v - 44, 0 = -5*r + 5*v - 40. Let u = r + 21. Let d(h) = -4*h - 23. Let g(k) = u*j(k) + 4*d(k). Calculate g(-5).
-3
Let v(c) = 4 - 11*c + 3 + 12*c. Calculate v(-8).
-1
Let q(m) = 2*m - 6. Let p = 15 + -11. Suppose -w = 5*o - 4, -p*w - 2*o - 8 = -6*w. Suppose w*x + 2 = -2*n + 8, -n - 25 = -5*x. Calculate q(x).
2
Let b(z) = 10*z**3 - 2*z + 1. Let p be ((-7)/35)/(2/(-10)). What is b(p)?
9
Let r(n) = 7*n**3. Suppose 3*v = m + 4*v - 6, 0 = -3*m + v - 2. What is r(m)?
7
Let w = -2 - -2. Let k(t) = 3*t + 0 + w*t + t + 1. Give k(-2).
-7
Suppose -5*a + 4*a = -2. Let x(k) = -2*k + 1 + 6*k**2 - 2*k**2 - 3*k**2 - a. Give x(2).
-1
Let m(n) = -3*n**3 + 32*n**2 - 26*n - 20. Let h(u) = u**3 - 11*u**2 + 9*u + 7. Let a(k) = 11*h(k) + 4*m(k). What is a(6)?
3
Let d(l) = l**2 - l - l - 4*l + 7. Let f be d(5). Let h(q) = q**3 + 0 + 4*q**2 - 3*q + f - 2*q**3. Calculate h(3).
2
Let s(p) = -3*p - 4. Let t = -64 - -59. What is s(t)?
11
Let u(j) = j + 11. Suppose 3 = -5*g - 37. Let n be u(g). Let y(l) = 3 + n - 3*l + 0*l. Give y(4).
-6
Let y(v) = v**2 + 4*v + 5. Suppose -2*x - 3*u - 20 = 2*u, x = 4*u + 16. Suppose x = -3*n - 18 + 3. Give y(n).
10
Let p(n) = -3*n - 29. Let h(b) = -b - 10. Let i(d) = 11*h(d) - 4*p(d). Let x(m) = -3*m - 17. Let c(l) = 11*i(l) + 4*x(l). Give c(-5).
3
Let q = 1 + -3. Let x = -1 - q. Let j(u) = -2*u**2 - u. What is j(x)?
-3
Let q(g) = 34*g - 3 - 35*g - 1. Give q(-3).
-1
Let z(d) be the third derivative of -d**5/60 + d**4/3 - d**3 - 8*d**2. Calculate z(6).
6
Let x(n) = 6*n - 1.